r of q and 77?
11
Let j = -9 + 19. What is the highest common divisor of 90 and j?
10
Suppose 5*o - 2*o - u = 0, -2*u = -3*o. Suppose 0 = -r - o*r + 18. What is the greatest common divisor of r and 72?
18
Suppose -4*f + 12 = -2*f. Calculate the greatest common factor of 48 and f.
6
Let h be (8/64*-18)/(3/(-40)). Calculate the greatest common divisor of h and 40.
10
Suppose 0 = -p - 2*p + s + 228, 3*p = -3*s + 240. Suppose 2*z = -z + 21. Calculate the highest common factor of p and z.
7
Suppose 2*o + 2 = 2*d, -8 = -o - d - d. Suppose w - 4*g = 14, w = -o*w + 2*g + 42. What is the greatest common factor of 56 and w?
14
Let a(s) = 6*s + 2. Let d be a(1). Let n(j) = j**3 - 6*j**2 - 9*j - 8. Let k be n(d). Calculate the greatest common divisor of 12 and k.
12
Let r be 0/1 + 80 + 1. Let i = -216 + 225. Calculate the highest common divisor of i and r.
9
Let j = -1 + 32. Calculate the highest common factor of j and 155.
31
Let h(r) = -r**3 + 5*r**2 - r + 4. Let s be h(5). Let y be (5/3)/(s/(-3)). What is the highest common divisor of y and 1?
1
Let x(q) = q + 1. Let t be x(4). Suppose 0 = -t*l - 0*l + 130. Calculate the greatest common factor of l and 39.
13
Suppose 0 = -9*r + 8*r + 12. Let b be ((-4)/r)/((-1)/69). What is the highest common divisor of 92 and b?
23
Let g be (-147)/(-9) + 1/(-3). What is the highest common factor of 16 and g?
16
Suppose -13 = 5*h - 38. Suppose 2*p + 3 = 3*p. Let u = 4 - p. Calculate the greatest common divisor of u and h.
1
Let z = -29 - -41. What is the greatest common divisor of z and 24?
12
Let d(z) = z**3 + z**2 + z. Let y be d(-1). Let u = 7 + y. What is the highest common divisor of u and 2?
2
Let x(y) = -3*y - 25. Let v be x(-12). Let w(g) = -g**3 + 6*g**2 + 2*g - 1. Let t be w(-4). Let d = t + -96. Calculate the greatest common divisor of v and d.
11
Let s = 49 - 1. Let c(k) = k**3 - 8*k**2 + 10*k - 9. Let y be c(6). Let w = s + y. What is the greatest common divisor of 9 and w?
9
Let d be 2*((-2)/(-4) - 1). Let p = d + 3. Suppose -45 - 3 = -p*t. What is the highest common divisor of t and 6?
6
Suppose 5*o = 2*i + 30, -i + 10 - 3 = 3*o. Suppose -172 = -4*w - 3*r + 4*r, -o*r + 104 = 2*w. Calculate the highest common divisor of 4 and w.
4
Let t = 5 - 27. Let g be -1 - t - (-12)/4. Calculate the highest common factor of 12 and g.
12
Suppose 3 = r, -5*k + 4*r - 19 = -7. Let x(v) = v**2 + v - 3. Let p be x(-3). Let t = p + k. What is the highest common divisor of 15 and t?
3
Suppose 7*v - 2*v - 480 = 0. Calculate the highest common factor of v and 24.
24
Let n be (-4)/(-6) - 10/(-3). Suppose 0 = 5*o + 3*i - 32, -2*o + 27 = 5*i - 1. What is the greatest common divisor of n and o?
4
Let b(y) = -y + 17. Let p be b(-7). Calculate the greatest common factor of p and 264.
24
Suppose -5*d + 40 = -360. Let y(n) = -3*n + 1. Let a be y(-5). Calculate the highest common divisor of a and d.
16
Let a(o) = -o**3 + 6*o**2 - 4*o + 4. Let f be a(4). Calculate the greatest common divisor of 10 and f.
10
Suppose 0 = 3*i + i - 532. Let r = 21 - 39. Let b = 37 + r. What is the highest common divisor of i and b?
19
Suppose -24*f + 19*f = -260. Calculate the highest common factor of 13 and f.
13
Suppose -2*v + 285 + 155 = 0. What is the greatest common divisor of 20 and v?
20
Suppose 5*h + 2*h = 1617. Calculate the greatest common divisor of h and 21.
21
Suppose 704 = -4*d + 8*d. Calculate the highest common divisor of d and 16.
16
Suppose 2*m + 2*m - 60 = 0. Let z be (1 + 1*-91)/((-39)/26). Calculate the highest common factor of m and z.
15
Let y(l) = -6*l + 63. Let k be y(8). Calculate the highest common factor of 285 and k.
15
Let w = -2 + -2. Let v be 22/3 - w/6. Suppose -25 = 3*m - 5*c - 72, 67 = 3*m - c. Calculate the highest common factor of m and v.
8
Let q(j) = -j**2 - 8*j - 3. Let n be q(-5). Let g = 20 - n. Let x = 2 - 1. What is the greatest common divisor of x and g?
1
Suppose 43 + 1 = 4*h. Calculate the greatest common factor of h and 55.
11
Let y be (-27)/(-2)*(-8)/(-12). Let d(w) = 4*w + 2. Let c be d(-3). Let b be (-142)/(-4) - 5/c. What is the greatest common factor of b and y?
9
Suppose -3*u = -0*u - 45. What is the highest common factor of 10 and u?
5
Let r = 19 - -41. Suppose 4*n + 76 = 3*d, -4*d + 0*n - n + 95 = 0. Calculate the greatest common divisor of d and r.
12
Let p(h) = h**2 + h + 1. Let d be p(-3). Let n(v) = -v + 21. Let o be n(0). Calculate the highest common divisor of d and o.
7
Suppose 2*s - 2 = 5*a, -4*a - 17 = s - 2*a. Let p = 13 + s. What is the highest common divisor of 2 and p?
2
Let d = 26 - 21. Let r = 17 + 5. Suppose i - 3*s - 13 = -7*s, -i = s - r. Calculate the greatest common divisor of d and i.
5
Suppose -g - 104 = -3*m + g, 4*g = -16. What is the highest common divisor of m and 16?
16
Let m be 1/2*-2 + 4. Calculate the highest common factor of m and 3.
3
Suppose 6 + 9 = 5*l. Let s = 39 + -4. Suppose 5*f + s = -l*w + 4*w, 5*w + 2*f - 94 = 0. Calculate the greatest common divisor of w and 20.
20
Suppose -n - 420 = -6*n. What is the highest common factor of 7 and n?
7
Suppose 3 = -3*o - 0. Let n = o + 7. What is the highest common divisor of 18 and n?
6
Let k be 1/(3/918 + 0). Suppose -k = -3*l + l. Let i(w) = 4*w - 3. Let j be i(5). What is the greatest common divisor of j and l?
17
Suppose -x = -4*r - 0*x + 41, 0 = -5*x - 5. What is the highest common divisor of 2 and r?
2
Let y be (0 - 54)/(2/(-6)). Let x = y + -62. Let q be x*((-1)/1)/(-1). What is the greatest common factor of 10 and q?
10
Let g be 41/5 - (-7)/(-35). What is the greatest common divisor of g and 1?
1
Let q(j) = -23*j - 1. Let v be q(-1). Suppose 4*p - 4 - 29 = -5*m, p = -4*m + v. Let a = p - -1. Calculate the highest common divisor of a and 3.
3
Let d(s) = -6*s + 2. Let y be d(-4). What is the highest common factor of 130 and y?
26
Let q(c) = -c**2 + 8*c - 4. Let g be q(6). Suppose 2*v + 4*f - 56 = 0, -3*v - 3 = 2*f - 79. What is the highest common divisor of v and g?
8
Suppose -4*m = -4*k + 584, 4*k = m - 4*m + 570. What is the greatest common factor of k and 16?
16
Suppose 0 = -12*x + 1289 + 7. Calculate the greatest common divisor of 24 and x.
12
Let i(f) = -f**2 + 6*f - 2. Let t be i(5). Let b be 1 + -2 + 5 + -1. Calculate the highest common divisor of b and t.
3
Let k(c) = -14*c - 2. Let l be k(-3). Calculate the highest common divisor of l and 16.
8
Let q = -18 - -46. Calculate the greatest common divisor of q and 112.
28
Let l be 3/3*(-7 - -2). Let y(g) = -g**3 - 6*g**2 - 6*g + 1. Let s be y(l). Let d be ((-4)/s)/(2/(-42)). Calculate the greatest common factor of d and 2.
2
Let z be (-69)/(-6) - (-2)/4. Suppose 0 = -w + 137 - 5. Calculate the greatest common divisor of w and z.
12
Let c(r) = r**2 - 6*r + 3. Let d be c(6). Suppose 3*s + o - 19 = 0, 2*o + d*o = 20. Suppose s*i - 20 = 30. What is the highest common factor of i and 40?
10
Let z = 42 + -26. Let w(g) = g - 4. Let p be w(6). Calculate the highest common factor of z and p.
2
Let u(m) = -2*m - 9. Let x be u(-6). Suppose -5*f = -x*f + 4*p, 3*f - 4*p + 30 = 0. Let y be (80/f)/(-4)*3. Calculate the greatest common factor of y and 25.
5
Let d be 5 + -1*(-2 + 4). Let r be (11 - 1) + (1 - d). Let x = r - 1. Calculate the highest common factor of 70 and x.
7
Suppose 0*g - 4*g = -16. What is the highest common factor of 36 and g?
4
Let s(o) = -5*o - 6. Let k be s(-6). What is the greatest common divisor of k and 16?
8
Let a(i) = -1 + 5 + i + 4*i. Let o be a(4). Let m = -3 - -6. What is the highest common factor of o and m?
3
Suppose 6 = -r - 1. Let y be 3540/42 + 2/r. Calculate the greatest common factor of y and 12.
12
Let b(q) = -q + 7. Let k be b(0). Suppose 3*w = 4*g + k - 43, -2*g - 3*w = -18. What is the greatest common divisor of 9 and g?
9
Suppose -4*t + 18 = -3*t + 4*q, 12 = 2*t + 2*q. Let p be 145/t + 2/4. Suppose 35 = 4*u - p. Calculate the greatest common factor of u and 3.
3
Let z(u) = -28*u. Let c be z(-1). Let j be (2 - c)*5/(-2). What is the highest common factor of 13 and j?
13
Suppose 3*t + 7 + 8 = 0. Let u = t - -10. Calculate the greatest common factor of 40 and u.
5
Let q be -3 + (1 + 0)/1. Let n be 4/(-1 - q)*20. Calculate the greatest common factor of 32 and n.
16
Let u = 41 - 18. What is the highest common factor of 46 and u?
23
Let w = 